ate the remainder when 12253 is divided by 284.
41
Calculate the remainder when 224107 is divided by 815.
797
Calculate the remainder when 84210 is divided by 329.
315
Calculate the remainder when 54947 is divided by 10964.
127
What is the remainder when 11501 is divided by 189?
161
Calculate the remainder when 499 is divided by 58.
35
What is the remainder when 6987 is divided by 63?
57
Calculate the remainder when 86939 is divided by 12417.
20
Calculate the remainder when 108077 is divided by 35951.
224
Calculate the remainder when 290350 is divided by 96779.
13
Calculate the remainder when 860 is divided by 138.
32
Calculate the remainder when 6865 is divided by 6795.
70
Calculate the remainder when 3230 is divided by 25.
5
What is the remainder when 67486 is divided by 94?
88
What is the remainder when 288616 is divided by 4065?
1
What is the remainder when 2649 is divided by 660?
9
What is the remainder when 1944 is divided by 1507?
437
Calculate the remainder when 336 is divided by 27.
12
What is the remainder when 142512 is divided by 125?
12
What is the remainder when 4293 is divided by 63?
9
Calculate the remainder when 10167 is divided by 248.
247
What is the remainder when 1731183 is divided by 287?
286
What is the remainder when 6569 is divided by 730?
729
Calculate the remainder when 16560 is divided by 152.
144
Calculate the remainder when 342569 is divided by 57.
56
Calculate the remainder when 34523 is divided by 63.
62
What is the remainder when 4012 is divided by 37?
16
What is the remainder when 1477768 is divided by 69?
64
What is the remainder when 13151 is divided by 937?
33
What is the remainder when 469 is divided by 175?
119
What is the remainder when 65118 is divided by 48?
30
Calculate the remainder when 90878 is divided by 297.
293
Calculate the remainder when 7418 is divided by 7418.
0
What is the remainder when 44596 is divided by 3430?
6
Calculate the remainder when 4354 is divided by 1773.
808
Calculate the remainder when 255076 is divided by 74.
72
What is the remainder when 2299 is divided by 2?
1
What is the remainder when 1021338 is divided by 41?
28
What is the remainder when 401307 is divided by 15?
12
Calculate the remainder when 28668 is divided by 418.
244
What is the remainder when 426269 is divided by 88?
85
Calculate the remainder when 13236 is divided by 699.
654
What is the remainder when 87298 is divided by 50?
48
What is the remainder when 14393 is divided by 1799?
1
What is the remainder when 1147 is divided by 269?
71
Calculate the remainder when 8852 is divided by 14.
4
What is the remainder when 506 is divided by 247?
12
What is the remainder when 9392 is divided by 178?
136
What is the remainder when 72246 is divided by 485?
466
What is the remainder when 7184 is divided by 286?
34
What is the remainder when 8567 is divided by 214?
7
Calculate the remainder when 1586 is divided by 264.
2
What is the remainder when 193581 is divided by 48?
45
Calculate the remainder when 2661 is divided by 8.
5
Calculate the remainder when 45699 is divided by 15204.
87
What is the remainder when 1299 is divided by 1285?
14
What is the remainder when 2234 is divided by 225?
209
What is the remainder when 594475 is divided by 39?
37
Calculate the remainder when 1138510 is divided by 759.
10
Calculate the remainder when 31822 is divided by 284.
14
Calculate the remainder when 41958 is divided by 4195.
8
What is the remainder when 18987 is divided by 5936?
1179
What is the remainder when 12008 is divided by 5048?
1912
What is the remainder when 440 is divided by 377?
63
What is the remainder when 255021 is divided by 483?
480
What is the remainder when 4268 is divided by 79?
2
Calculate the remainder when 11640 is divided by 1678.
1572
What is the remainder when 1778 is divided by 763?
252
What is the remainder when 33748 is divided by 11152?
292
What is the remainder when 30262 is divided by 33?
1
What is the remainder when 3925642 is divided by 2087?
2082
Calculate the remainder when 534 is divided by 340.
194
What is the remainder when 68555 is divided by 629?
623
Calculate the remainder when 12644 is divided by 1763.
303
What is the remainder when 38960 is divided by 117?
116
What is the remainder when 62479 is divided by 353?
351
What is the remainder when 42166 is divided by 21?
19
What is the remainder when 1163 is divided by 442?
279
Calculate the remainder when 11171 is divided by 2232.
11
Calculate the remainder when 47374 is divided by 724.
314
What is the remainder when 1163 is divided by 1010?
153
Calculate the remainder when 76772 is divided by 136.
68
What is the remainder when 1253450 is divided by 151?
150
Calculate the remainder when 1945 is divided by 376.
65
Calculate the remainder when 967 is divided by 85.
32
Calculate the remainder when 691782 is divided by 54.
42
What is the remainder when 422 is divided by 24?
14
Calculate the remainder when 28660 is divided by 5732.
0
What is the remainder when 2381 is divided by 31?
25
Calculate the remainder when 395 is divided by 21.
17
What is the remainder when 956482 is divided by 569?
562
What is the remainder when 4549 is divided by 46?
41
What is the remainder when 208680 is divided by 35?
10
Calculate the remainder when 50382 is divided by 5.
2
What is the remainder when 241641 is divided by 26?
23
What is the remainder when 2547871 is divided by 16?
15
Calculate the remainder when 20249 is divided by 370.
269
What is the remainder when 15997 is divided by 39?
7
Calculate the remainder when 55662 is divided by 348.
330
What is the remainder when 6845 is divided by 2231?
152
What is the remainder when 801 is divided by 788?
13
What is the remainder when 83749 is divided by 125?
124
Calculate the remainder when 1918 is divided by 37.
31
Calculate the remainder when 72813 is divided by 492.
489
Calculate the remainder when 24723 is divided by 17.
5
Calculate the remainder when 828266 is divided by 165647.
31
What is the remainder when 8958 is divided by 2029?
842
Calculate the remainder when 259281 is divided by 697.
694
Calculate the remainder when 4349 is divided by 96.
29
What is the remainder when 5611 is divided by 5?
1
Calculate the remainder when 10640 is divided by 60.
20
Calculate the remainder when 1433157 is divided by 181.
180
Calculate the remainder when 181678 is divided by 3949.
24
Calculate the remainder when 26860 is divided by 159.
148
Calculate the remainder when 42687 is divided by 325.
112
What is the remainder when 21991 is divided by 47?
42
What is the remainder when 27101 is divided by 9026?
23
Calculate the remainder when 9831 is divided by 991.
912
Calculate the remainder when 1291 is divided by 129.
1
Calculate the remainder when 7566 is divided by 31.
2
What is the remainder when 253254 is divided by 63?
57
What is the remainder when 6715 is divided by 781?
467
Calculate the remainder when 118941 is divided by 3716.
29
What is the remainder when 39630 is divided by 14?
10
What is the remainder when 818533 is divided by 204631?
9
What is the remainder when 11337 is divided by 126?
123
What is the remainder when 104308 is divided by 104226?
82
Calculate the remainder when 1307 is divided by 689.
618
Calculate the remainder when 9324 is divided by 1114.
412
Calculate the remainder when 3136 is divided by 18.
4
What is the remainder when 100545 is divided by 147?
144
Calculate the remainder when 38887 is divided by 96.
7
Calculate the remainder when 12321 is divided by 493.
489
Calculate the remainder when 89060 is divided by 68.
48
Calculate the remainder when 10888 is divided by 900.
88
Calculate the remainder when 110813 is divided by 3821.
4
Calculate the remainder when 3224 is divided by 278.
166
Calculate the remainder when 33718 is divided by 138.
46
Calculate the remainder when 3484 is divided by 434.
12
Calculate the remainder when 374 is divided by 127.
120
What is the remainder when 2850 is divided by 814?
408
Calculate the remainder when 5153 is divided by 579.
521
What is the remainder when 14190 is divided by 302?
298
What is the remainder when 338963 is divided by 313?
297
What is the remainder when 3403 is divided by 106?
11
What is the remainder when 990124 is divided by 89?
88
Calculate the remainder 